 is the remainder when n(-11) is divided by d?
44
Let q(b) = -15*b + 5. Let h(y) = 3*y - 1. Let c(i) = 11*h(i) + 2*q(i). Let v be c(1). Suppose -d - 3 = -v*d. Calculate the remainder when 10 is divided by d.
1
Suppose 170 = 171*c - 169*c. What is the remainder when c is divided by 40?
5
Let y(x) = -57*x**3 + x. Let z be y(1). Let h = -113 - z. Let d = h + 88. What is the remainder when d is divided by 8?
7
Suppose -3*p + 572 - 88 = o, -1909 = -4*o - 3*p. What is the remainder when o is divided by 81?
70
Suppose -55 = -2*t + 141. Let g be 3*(10/(-20) - 3/(-2)). Suppose g*n = n + t. What is the remainder when n is divided by 25?
24
Let m(t) = 2*t - 2. Let a be m(1). Suppose -4*o - o - 115 = a. Let d = -9 - o. Calculate the remainder when 53 is divided by d.
11
Let s(g) = 4*g - 14. Let k(x) = 2*x**3 + 4*x**2 - 4*x + 3. What is the remainder when k(2) is divided by s(6)?
7
Suppose -13*o + 7*o + 210 = 0. What is the remainder when 222 is divided by 214/5 - (-7)/o - -2?
42
Suppose -47*s + 5424 = -79458. Calculate the remainder when s is divided by 67.
64
Let s = 420 - 372. What is the remainder when s is divided by 11?
4
Let r be -1 + 2 - 47 - (0 - 2). Suppose 5*j = -2*f + 72 + 137, 4*f + 184 = 4*j. What is the remainder when j is divided by 1/(-2 - 92/r)?
10
What is the remainder when 77/(-28)*-2*26 is divided by 17?
7
Let s = 97 - 84. Suppose s*r + 9 = 100. Calculate the remainder when 82 is divided by r.
5
Let z(w) = -w**3 + 5*w**2 - 2*w + 1. Let x(l) = -3*l + 5*l + 2 + 0. Calculate the remainder when x(11) is divided by z(4).
6
Suppose -2*k + 4*k + 3*w - 11 = 0, -5*k = -3*w - 59. What is the remainder when k is divided by (5/(-4))/(165/(-264))?
0
Let y(k) = k**2 - k + 2. Let o be y(-6). Let r = o + -6. Calculate the remainder when r is divided by 14.
10
Let o(g) = -3 - 3*g**2 - g**2 + 5*g**3 + 5 - 4*g**3. Let z be o(3). Calculate the remainder when (10/6)/(z/(-168)) is divided by 14.
12
Suppose 47 = 3*g + 4*m, 2*g - m = 17 - 4. What is the remainder when (25 - (37 - 17))*(3 + -1 - -5) is divided by g?
8
Let j = -190 - -217. What is the remainder when j is divided by 4?
3
Suppose 5*d - 3 = 17. Suppose -d*z = -45 - 11. What is the remainder when 54 is divided by z?
12
Suppose -4*i - 32 = -5*p + 39, -32 = -2*p - 2*i. What is the remainder when 27 is divided by p?
12
Let f = -188 + 277. What is the remainder when 264 is divided by f?
86
What is the remainder when 36/(-42)*(-40 - (-6)/(-3)) is divided by 20?
16
Let k(z) = 4*z. Let n be k(1). Calculate the remainder when 43 is divided by n/(-4)*(1 + -24).
20
Suppose 7*b - 2*b - 105 = 0. Suppose 0 = -11*d + 7*d - 8. Calculate the remainder when b is divided by ((-200)/(-6))/4 - d/(-6).
5
Let x(k) = k**3 + 13*k**2 + 11*k + 15. Let t = 5 + -14. Let a = t + 32. What is the remainder when x(-11) is divided by a?
21
Suppose 0 = 3*y + 2*r - 2296, 15*y - 20*y + 3825 = 5*r. What is the remainder when y is divided by 70?
66
Suppose -4*f + 15 = f. Suppose -6*k + 186 = -f*k. What is the remainder when k is divided by 11?
7
Let m(i) = -44*i - 177. What is the remainder when m(-7) is divided by 11?
10
Suppose -z = -4 - 8. Let l be 94/(-8) + (-1)/4. Calculate the remainder when ((-23)/(-4))/((-3)/l) is divided by z.
11
Let c be -2 - (-282)/(9/3). What is the remainder when 59 is divided by c/3 - 8/(-24)?
28
Let j(c) = -4*c + 131. What is the remainder when j(0) is divided by 15?
11
Suppose 5*y + 3*q - 3 - 101 = 0, -5*q = -3*y + 42. Calculate the remainder when 128 is divided by y.
14
Let p = -1626 + 1781. Calculate the remainder when p is divided by 41.
32
Let l(f) = f**2 + 3*f + 87. Let o be l(0). Let w = -19 + o. What is the remainder when w is divided by 36?
32
Suppose 7*d - 16 = 3*d. Suppose -d*a + 266 = -34. Suppose 6*g - a = g. Calculate the remainder when 42 is divided by g.
12
Let h be 1*3*(3 - 2). Suppose h*z = 7*z. Suppose r = 3*t - 28, z = -3*t + 2*r + 19 + 10. What is the remainder when 32 is divided by t?
5
Let q(y) = 52*y + 464. What is the remainder when 1103 is divided by q(-8)?
47
Let d(l) be the third derivative of -l**6/120 - 2*l**5/15 + l**4/12 + 3*l**3 - 45*l**2. What is the remainder when d(-9) is divided by 14?
11
Let l(i) = -i - 2*i - 2*i + 13 + 2*i. What is the remainder when l(-8) is divided by 10?
7
Suppose -5*n + 0*n + 140 = 0. Let m = 33 - n. Calculate the remainder when -1 - (3 + -1)*-7 is divided by m.
3
Suppose m + 0*m + 1 = 0, 2*m + 182 = 5*j. What is the remainder when ((-22)/(-6))/(12/j) is divided by (-2)/(-8) + 23/4?
5
Let f(d) = 3*d**2 - 2. Let z = 24 + -22. Suppose -3*w + 96 = -5*p, 5*w - 49 - 77 = -3*p. What is the remainder when w is divided by f(z)?
7
Suppose 9*v - 4*f = 10*v - 105, v - 5*f = 60. Calculate the remainder when 258 is divided by v.
3
Let q be (0 - 0 - -8) + 0. Suppose u - 10 = -q. Suppose 0*y - 40 = -u*y. What is the remainder when 38 is divided by y?
18
Let u(o) = o**2 - 3*o + 17. Calculate the remainder when 50 is divided by u(4).
8
Suppose 5*j - 2*o = 11, -5*j - 3*o + 12 = -3*j. Let x(w) = 2*w**3 - 5*w**2 + 3*w - 3. What is the remainder when (-3)/2 + 714/12 is divided by x(j)?
13
Let f = 359 - 152. Let o = f - 106. Calculate the remainder when (o - 2) + 0/(-1) is divided by 20.
19
Suppose 0 = -2*z - 148 + 586. Calculate the remainder when z is divided by 56.
51
Suppose 0 = -u + 2*j + 30, -3*u + 5*j + 93 = -0*u. Suppose -7*q - 278 = -40. Let p = -21 - q. What is the remainder when u is divided by p?
10
Let p be -78*((-7)/(-3) - 6/(-9)). What is the remainder when (2/(-4))/(p/116 - -2) is divided by 8?
5
Suppose 0 = 3*l - 83 - 46. Let t(u) be the third derivative of -7*u**4/24 + u**3/6 - 5*u**2. What is the remainder when l is divided by t(-2)?
13
Let z(w) = 2*w**2 + 19*w + 36. What is the remainder when 82 is divided by z(-8)?
10
Let p be (-3 - 7)*15/(-25). Suppose 0*f = p*f. Suppose f = -h - 4*g + 27, -6*h = -h - 2*g - 25. What is the remainder when 17 is divided by h?
3
Let s = 2590 - 2577. Let g(n) = 58*n. What is the remainder when g(2) is divided by s?
12
Let g be -7 + 8 - (0 + 1). Suppose 4*j + g*j - 8 = 0. Suppose 10 = w + 4*w. What is the remainder when w is divided by j?
0
Let x be 2/8 - 99/(-36). Let h be (-281)/6 + x/(-18). Let i = h - -80. What is the remainder when i is divided by 9?
6
Suppose 37*l - 1380 + 48 = 0. Calculate the remainder when 123 is divided by l.
15
Suppose -41*b + 8285 + 2252 = 0. Calculate the remainder when b is divided by 29.
25
Suppose -3*v - 60 = -5*j + 133, v - 127 = -3*j. What is the remainder when j is divided by 9?
5
Let q(p) = p**2 + 2*p - 1. Suppose -2*d + d = -2*h - 46, 4*h = -4*d - 116. Let i = 1 - h. What is the remainder when i is divided by q(-4)?
5
Let y = -838 - -856. What is the remainder when 107 is divided by y?
17
Suppose 6*c - 12 = 4*c. Let q = -151 + 16. What is the remainder when q/10*(-6)/9 is divided by c?
3
Calculate the remainder when 80 is divided by (-2)/(-14)*57 - 87/609.
0
Suppose 21*n - 5550 = 2451. Calculate the remainder when n is divided by 64.
61
Let w = -15 + 15. Let z(y) = y**2 + 56. Calculate the remainder when z(w) is divided by 19.
18
Suppose 76 = 4*c - 2*d - 196, -4*c + 266 = -5*d. Let a be 1/((-43)/21 + 2). Let i = a - -39. Calculate the remainder when c is divided by i.
15
Let x(b) = 4*b + 7. Let q(z) = -2*z**2 + z + 4. Let t be q(-2). Let l be x(t). Calculate the remainder when (-2*l/(-2))/(-1) is divided by 6.
5
Suppose 0 = 9*w + 269 - 1079. Let r = w - -63. Calculate the remainder when r is divided by 26.
23
Let c = 583 + -523. What is the remainder when 182 is divided by c?
2
Calculate the remainder when (-30)/50 - (0 - 373/5) is divided by 25.
24
Let v = 12 - 36. What is the remainder when 103 is divided by 23 - (v/(-10) - (-18)/(-45))?
19
What is the remainder when ((-78)/9)/(12/(-18))*11 is divided by 16?
15
Suppose -3*z - 13 = -19. Suppose z*n = -4*u + 30, -4*u - 74 + 29 = -3*n. Calculate the remainder when 100 is divided by n.
10
Let z = 46 - 44. Suppose -2*o + 358 = 4*n, -z*o = n + o - 92. Calculate the remainder when n is divided by 23.
20
Suppose -3*r - 3*q + 3 = 0, -3*r = -4*q + 2 - 26. Let h = -1333 + 1336. What is the remainder when r is divided by h?
1
Suppose 2*j - 64 = -4*t, 0 = 5*j + 15*t - 12*t - 181. Suppose c - 6*c = -4*u - 77, 4*c = -4*u + 40. Calculate 